be s(0). Give j(y).
4
Let j(z) be the third derivative of z**6/120 - z**5/15 + z**4/24 - z**3/6 + 27*z**2 - z. Determine j(3).
-7
Let n(f) = f**3 - 7*f**2 + 6*f. Let w(j) = 8*j + 3. Let t be w(1). Let u = -7 + t. What is n(u)?
-24
Suppose 10 = -161*p + 159*p. Let m be 20/(-4)*(-2)/(-2). Let r(j) = -9*j - 12. Let k(d) = -6*d - 8. Let o(a) = m*r(a) + 7*k(a). Determine o(p).
-11
Let q(c) = -c**2 + 3*c - 6. Let p be (-60)/80 + 118/8. Let n be (-160)/(-35) - 8/p. Let x be 17/n + (-2)/8. Give q(x).
-10
Let r(v) = 11*v**2 - 33*v - 24. Let x(h) = 8*h**2 - 22*h - 16. Let y(q) = 5*r(q) - 7*x(q). Calculate y(-8).
16
Let m(u) be the third derivative of u**5/15 + u**4/8 - u**3/6 - 2*u**2 + 23*u. Calculate m(4).
75
Let y(i) = -9*i**2 - 5*i + 15. Let g(n) = -4*n**2 - 3*n + 7. Let m(p) = 7*g(p) - 3*y(p). Let s = 4 + 20. Suppose 0 = -7*w + 3*w - s. What is m(w)?
4
Let b(k) = -2*k**3 - 3*k**2 - 3*k - 2. Suppose -5*t - 5 = 0, -m = -2*m + 5*t + 3. Determine b(m).
8
Suppose 0 = -214*o + 213*o - 21. Let k(q) = -q**3 - 21*q**2 - q - 24. Give k(o).
-3
Let g(z) be the first derivative of z**3/3 + 2*z**2 - z + 13. Let h(f) be the first derivative of g(f). Determine h(-6).
-8
Suppose 5*r = -m + 17, 27 = -5*m - 5*r + 8*r. Let o be (m/(-2))/((-9)/30). Let z(p) = -p - 5. Let l(x) = 1. Let y(i) = l(i) - z(i). Calculate y(o).
1
Let s(u) = -3*u - 10*u**2 + 12*u**2 + 2*u - 3*u**2 - 1. What is s(-2)?
-3
Let x(c) = 2*c**3 + 20232 - c**3 + 3*c**2 - 20236. Give x(-3).
-4
Let u(r) = r. Let k(p) be the second derivative of -p**4/6 - p**2/2 + 9*p. Let o(m) = m + 4. Let c be o(-6). Let i(y) = c*u(y) - k(y). Determine i(2).
5
Suppose 50*g = 53*g. Let c(s) = s**2 - 2*s**2 + 4 + 0*s**2 - s. Determine c(g).
4
Let i be 120/(-32)*(-1 - 3). Suppose -m = 2*m - i. Let c(q) = 2*q - 13. Let r(k) = -3*k + 19. Let t(p) = m*r(p) + 7*c(p). Determine t(5).
-1
Let r(u) = 2*u. Let j be r(6). Let k be 6/4*8/j. Let v(d) = -6*d - 1. What is v(k)?
-7
Let s(f) be the first derivative of f**4/4 - 4*f**3/3 + 2*f**2 - 4*f - 167. Calculate s(4).
12
Let m(o) = 2*o**2 + 12*o + 9. Suppose -70*x + 48 = -78*x. Give m(x).
9
Let f(s) be the first derivative of -5*s**2/2 - s + 35. Give f(-5).
24
Let n(i) = i**3 - 3*i**2 + 6*i - 5. Let j(h) = -h + 27. Let s be j(23). What is n(s)?
35
Let t(x) = -x**2 - 5*x + 4. Let j(r) = -2*r - 6. Let h be j(-4). Let u be (-20)/(-5) - 10/(-2). Let w be h + (-3)/(u/24). Determine t(w).
-2
Suppose 2*v + 8 = 2*j, -2*j + 12 = j + 5*v. Let z(t) = 5*t - t**3 + j*t - 11*t + 3*t + 6 - 7*t**2. Calculate z(-7).
-1
Let n(c) = 2*c**2 - 2*c + 3. Let j be n(1). Let l(g) = -4 + j*g + 6*g - 4 + 6. Calculate l(2).
16
Let l(h) be the first derivative of h**4/4 - 17*h**3/3 + 15*h**2/2 + 13*h - 135. Calculate l(16).
-3
Let q be (-2 + 7)*36/(-10). Let m = 20 + q. Let p(b) = 6*b - 1 - 3*b + 0*b - b**2 + m*b. Determine p(6).
-7
Suppose 2248*j - 2247*j + 9 = 0. Let m(i) = -3*i - 22. Calculate m(j).
5
Let b(l) = -3*l**2 + l - 4. Let h(i) = -2*i**2 - 2. Let p(v) = 3*b(v) - 5*h(v). Let t = 4 - -7. Suppose t*d = 16*d + 10. Give p(d).
-4
Let f(j) = 2*j. Let k be (-14)/(-7)*3/2. Suppose -5*s - 8 = -4*y - s, -k*s = 3. Suppose 0 = -2*g - y + 13. Give f(g).
12
Let q(t) = -t**2 + 7*t - 4. Suppose -4*u + 13 = -3. Suppose -d - 2*j + 8 = 0, -j + 21 = u*d - 4*j. Calculate q(d).
2
Let g(x) = 3*x + 1. Let d(u) = 10*u + 4. Let l(v) = -2*d(v) + 7*g(v). Let o = -48 + 42. Let r be l(o). Let a(n) = -n**2 - 7*n + 3. What is a(r)?
3
Let c be (-420)/(-40) + (1 - 6/4). Suppose -9*a + c*a + 3 = 0. Let o(q) = q**2 - 2*q - 3. What is o(a)?
12
Let d(a) = 2*a**3 - 17*a**2 + 20*a - 30. Let q(o) = 3*o**3 - 35*o**2 + 40*o - 59. Let r(m) = 5*d(m) - 3*q(m). Determine r(-21).
6
Let i(b) = 20*b - 7. Let o be i(1). Let h(g) = g**3 - 12*g**2 - 14*g + 12. What is h(o)?
-1
Let y(v) = 2*v**2 + 137*v + 205. Let c be y(-67). Let s(b) be the first derivative of -2*b**2 - 1/3*b**3 + c*b - 13. Calculate s(-4).
4
Let h(s) = s + 1. Let r be (10/(-20))/(2/(-32)). Suppose 4*d - 46 = -5*m, r*m - 8 = 4*m + 4*d. Give h(m).
7
Let p(w) = w - 3*w - 2*w + 3*w**2 + 5*w. Give p(-1).
2
Let r(h) be the first derivative of h**4/4 - 2*h**3 - 2*h**2 - 6*h - 255. Calculate r(7).
15
Suppose 5*q + 2*l - 26 = 0, -3*l + 2*l - 9 = -3*q. Suppose 2*x - q = x. Suppose 8*p - 4*c + 32 = 3*p, 0 = x*p + 4*c + 4. Let f(o) = -o**2 - 6*o - 5. Give f(p).
3
Let w(m) be the first derivative of m**4/4 + 2*m**3/3 - m**2/2 - 2*m + 3. Determine w(-3).
-8
Let o(s) be the third derivative of s**5/60 - s**4/2 - s**3/6 + s**2 - 44*s. Give o(12).
-1
Let r(j) = 8*j - 5*j + 20*j**2 + 2*j - 19*j**2 + 8*j + 10. Calculate r(-12).
-2
Let z(k) = -k**3 - 10*k**2 - 8*k - 9. Let d = -279 + 270. Determine z(d).
-18
Let p be 4/3*180/(-80). Let j(w) = -w**3 - w**2 - 2*w - 4. What is j(p)?
20
Let d(q) be the second derivative of -q**5/20 + q**4/3 - q**3/6 + 3*q**2/2 + 147*q. Give d(4).
-1
Let m(j) = -2*j**2 - 19 + 11 - j + 10. Let l be (-168)/91 - (-4)/(-26). Determine m(l).
-4
Let u(m) = -5*m**3 - m - 2. Let b(n) = 2*n - 11. Let p be b(5). Let j be u(p). Suppose 2*s + j - 14 = 0. Let f(k) = k**2 - 6*k + 2. Give f(s).
-3
Let k(i) = 19*i + 3. Let s(r) = 41*r + 7. Let o(c) = 13*k(c) - 6*s(c). Give o(-5).
-8
Let b be (-1664)/(-80)*5/2. Let o = -35 + b. Let v(i) = 14*i**2 + 20*i - 35. Let p(k) = -5*k**2 - 7*k + 12. Let u(q) = o*p(q) + 6*v(q). Calculate u(0).
-6
Let f(x) = 5*x - 8 + 2 + 3. Let y be ((-3)/3)/(1/(-2)). Let a be y*(12/8 - 2)*-2. Give f(a).
7
Let r(c) = c + 8. Suppose 9*v - 5 = 22. Suppose 14 = -2*m + b - v, -4*m - 39 = 3*b. Give r(m).
-1
Let i(a) = -6*a**3 - 2*a**2 + 1. Let g be i(-1). Let p be g*2/(-15)*-6. Let r(w) = 3*w**2 - w + 3. Let y(x) = x**2. Let d(k) = p*y(k) - r(k). Determine d(0).
-3
Let d(w) be the third derivative of w**4/24 - 55*w**2. Determine d(-2).
-2
Let o(x) = 3*x**2 + 1. Suppose s + 2 = 3. Calculate o(s).
4
Suppose s = -5*s. Suppose 5*h + s = -5. Let q(i) = i - 1. Let k(g) = -3*g - 8. Let d(m) = h*q(m) - k(m). Calculate d(-6).
-3
Let z(w) be the third derivative of -7*w**6/60 + w**5/30 - w**3/6 + 5*w**2 - 3. Determine z(1).
-13
Suppose 3*h - 2*h - 2 = 0. Suppose y + 4*z - 15 = z, -h*y - 4*z + 24 = 0. Let x(j) = -5 - j - y*j**3 + 4 + 5*j**3 + 0*j**3. What is x(-1)?
1
Let l(w) = -2*w**2 + 21*w - 10. Let h be ((-50)/(-20))/((-2)/(-8)). Calculate l(h).
0
Let o(m) = m**3 - 49*m**2 - 102*m + 15. Let d be o(51). Let h(z) = z**3 - 15*z**2 + z + 8. Calculate h(d).
23
Suppose 5*y = 2*a + 12, -4*y + 4 = -41*a + 38*a. Let p(j) = -j**3 + 6*j**2 - 3*j - 3. Determine p(a).
17
Suppose f - 45 = -0*f. Let z = 49 - f. Let j(b) be the first derivative of -b**2 + 5*b - 1. Determine j(z).
-3
Let a(f) = f**2. Let b(c) = 5*c**2 + 9*c + 10. Let w = 3 - 4. Let o(t) = w*b(t) + 4*a(t). Let v be o(-7). Let j(m) = 2*m - 4. Calculate j(v).
4
Let p(z) = -2*z**2 + 8*z - 6. Let m be p(4). Let y(b) = -4*b + 2. Let c(t) = -5*t + 3. Let j(n) = m*y(n) + 5*c(n). Determine j(4).
-1
Let s = -15 - -17. Let b = -9 - s. Let p(v) = 5*v**3 - 20*v**2 + 11*v - 4. Let w(n) = -n**3 + 4*n**2 - 2*n + 1. Let i(j) = b*w(j) - 2*p(j). Give i(4).
-3
Let p(o) = -7*o**3 - 8*o**2 - 5*o - 1. Let d = -7 - -2. Let i(x) = 3*x**3 + 4*x**2 + 2*x + 1. Let j(s) = d*i(s) - 2*p(s). What is j(-4)?
-3
Let t(f) = 3 + 1 - 7*f + 3*f + 0*f - f + 2*f**2. What is t(3)?
7
Let l = 2252 + -2254. Let i(h) = 13*h + 4. Give i(l).
-22
Let a(b) = -1. Let d(i) = -2*i + 4. Let q(t) = -5*a(t) + d(t). Let v = 93 + -87. Determine q(v).
-3
Let n(l) = 6*l**2 - 5*l - 10. Let r(g) = -8*g**2 + 3*g + 10. Let d(s) = -5*n(s) - 4*r(s). Give d(-6).
4
Let m(u) = -u**3 - 2*u**2 + 2. Let o = 37 - 51. Let q = o + 5. Let w be ((-14)/(-21))/(3/q). Calculate m(w).
2
Let y be (1*-3)/3 + -2. Let p be -5*(-4)/40*6. Let g(z) = -2*z + 2 + 17*z**2 - 2 - 14*z**2 + z**p. Give g(y).
6
Let i(x) be the second derivative of 2*x**3/3 - x**2/2 - 31*x - 1. Determine i(3).
11
Let b(n) = 6*n**2 - 99*n + 206*n - 105*n - 1. Determine b(1).
7
Let f be (-4)/10*(0 + -10). Suppose -8 = -4*d + f. Let r(s) = -12*s**3 + 11*s**d - 9 + 7*s - 6*s**2 + 0*s**3. Determine r(-7).
-9
Let h(v) = -v**3 - v**2 - 1. Suppose 3*q + 2 = 4*q. Suppose 3*s = -w + 9, s - 10 = 4*w - q*w. Suppose -s*u = -2*f - 16, -3*f - 4*u = -0*f - 6. Give h(f).
3
Let q(z) = 12. Let i(m) = 2*m - 26. Let c(u) = -i(u) + q(u). What is c(18)?
2
Let y